 composite number?
True
Is 278658079 a prime number?
False
Is 2135281 a composite number?
True
Is 3700201 a composite number?
True
Is 4921841 a composite number?
False
Is 38559407 a composite number?
False
Is 169995431 prime?
True
Is 333046607 composite?
True
Is 31119589 composite?
False
Is 14955979 a prime number?
False
Is 1091137855 a composite number?
True
Is 58483459 a composite number?
True
Is 35347349 a composite number?
False
Is 8476577 a composite number?
True
Is 620756651 a composite number?
False
Is 25725649 prime?
False
Is 154329443 composite?
False
Is 271330997 prime?
False
Is 1121149 a prime number?
False
Is 61628803 a composite number?
False
Is 52084801 prime?
False
Is 9673467 a prime number?
False
Is 406674839 a prime number?
True
Is 4792229 a composite number?
True
Is 44124443 a composite number?
True
Is 1257931 a prime number?
True
Is 11427901 prime?
True
Is 219705601 a composite number?
False
Is 745149707 a prime number?
True
Is 53996321 a prime number?
False
Is 138599 a composite number?
False
Is 10494947 composite?
True
Is 10048946 prime?
False
Is 434606537 composite?
True
Is 52815469 a prime number?
False
Is 203977919 a prime number?
True
Is 550837 prime?
False
Is 109907411 composite?
False
Is 82832003 composite?
False
Is 7638923 prime?
False
Is 51779599 prime?
True
Is 13103473 a prime number?
False
Is 58857467 composite?
False
Is 4953489 prime?
False
Is 5761594 composite?
True
Is 82269227 composite?
True
Is 739912289 prime?
False
Is 3673591 composite?
False
Is 3249787 a composite number?
True
Is 129956063 prime?
True
Is 2572901 prime?
False
Is 18163199 a composite number?
False
Is 7120933 a composite number?
False
Is 1792267 composite?
False
Is 290959 composite?
False
Is 3189259 a prime number?
True
Is 38433179 a composite number?
True
Is 1433851 a composite number?
True
Is 16894459 composite?
True
Is 23108581 composite?
False
Is 29199139 a prime number?
False
Is 1999243 a prime number?
True
Is 40437091 a prime number?
True
Is 423193613 a prime number?
True
Is 184711 a prime number?
True
Is 229892401 prime?
True
Is 33352199 composite?
False
Is 55313714 prime?
False
Is 32616889 a prime number?
False
Is 67832131 prime?
False
Is 14276407 prime?
False
Is 1768903 a composite number?
False
Is 3079969 a composite number?
True
Is 11598673 a prime number?
True
Is 37341611 a composite number?
True
Is 85729153 a prime number?
False
Is 12204953 prime?
True
Is 20376701 prime?
True
Is 149443661 a composite number?
True
Is 823231 prime?
True
Is 3624233 prime?
True
Is 69039389 a prime number?
False
Is 614439539 composite?
True
Is 13898077 a prime number?
True
Is 3194629 prime?
True
Is 2552027 composite?
False
Is 1327259 prime?
False
Is 4032523 prime?
False
Is 1312771 a prime number?
False
Is 7803421 a prime number?
False
Is 3167081 prime?
True
Is 276364169 a prime number?
True
Is 3645823 composite?
False
Is 12776239 a prime number?
False
Is 179983937 a prime number?
False
Is 41030989 a composite number?
True
Is 7484021 a prime number?
False
Is 19779371 a composite number?
False
Is 493263962 a prime number?
False
Is 44606017 composite?
False
Is 85364621 prime?
True
Is 69889811 prime?
True
Is 11191769 a prime number?
False
Is 7849451 prime?
False
Is 4715233 a composite number?
False
Is 767813 prime?
True
Is 68366119 a prime number?
True
Is 514201165 composite?
True
Is 15727027 a prime number?
True
Is 29105963 a prime number?
False
Is 866071 composite?
True
Is 2436373 a composite number?
False
Is 61509715 a composite number?
True
Is 8696603 a composite number?
False
Is 8051873 composite?
True
Is 3718277 composite?
False
Is 760015 composite?
True
Is 3139187 composite?
False
Is 74967797 a prime number?
False
Is 34048571 prime?
False
Is 15125403 composite?
True
Is 1074134 composite?
True
Is 14090903 a prime number?
True
Is 149151214 prime?
False
Is 2156027 a prime number?
False
Is 7006841 a prime number?
False
Is 7728491 prime?
False
Is 1614147 a composite number?
True
Is 1259959 a prime number?
False
Is 28984261 composite?
True
Is 23540663 a composite number?
True
Is 949513 a prime number?
True
Is 2571895 prime?
False
Is 4513741 a prime number?
False
Is 6554731 a composite number?
False
Is 1306191431 a composite number?
False
Is 296521 composite?
True
Is 29047921 a composite number?
True
Is 2518171 composite?
True
Is 35167901 a prime number?
True
Is 10388143 a prime number?
True
Is 9727669 prime?
False
Is 28244921 composite?
True
Is 42792166 a prime number?
False
Is 15043153 composite?
True
Is 20926757 a composite number?
True
Is 40828451 composite?
False
Is 1352489 prime?
True
Is 8586773 composite?
True
Is 369040222 composite?
True
Is 12492751 composite?
True
Is 290112595 composite?
True
Is 1171906 composite?
True
Is 6769051 a prime number?
True
Is 227299 a composite number?
False
Is 153968219 a prime number?
True
Is 303400577 prime?
False
Is 6647941 a composite number?
True
Is 5037157 composite?
False
Is 1258289 prime?
False
Is 16434101 a composite number?
False
Is 7285099 prime?
True
Is 30774266 a prime number?
False
Is 15477967 a composite number?
True
Is 552871 a composite number?
True
Is 278847637 composite?
False
Is 1007803 composite?
True
Is 31863089 a prime number?
True
Is 73526027 a composite number?
True
Is 11571673 composite?
False
Is 8432911 a prime number?
False
Is 650890307 a prime number?
True
Is 39235409 a prime number?
False
Is 376470581 prime?
True
Is 115385839 composite?
True
Is 255079 a prime number?
False
Is 319276157 a composite number?
True
Is 1435286813 composite?
False
Is 57086201 composite?
True
Is 108721471 a composite number?
True
Is 14285957 composite?
True
Is 33869237 prime?
False
Is 243748067 composite?
False
Is 419531479 composite?
False
Is 44491561 a prime number?
False
Is 510873799 prime?
True
Is 2496737 prime?
True
Is 17656831 prime?
True
Is 143688593 a composite number?
True
Is 76463197 a prime number?
True
Is 3921763 a prime number?
False
Is 1029795799 composite?
False
Is 53975351 composite?
True
Is 176977 prime?
True
Is 16154258 composite?
True
Is 276358319 composite?
False
Is 9858443 composite?
True
Is 102047965 composite?
True
Is 7564727 a composite number?
False
Is 170849069 a composite number?
False
Is 16481747 a composite number?
False
Is 17902057 composite?
False
Is 3077227 prime?
False
Is 18232727 a prime number?
True
Is 27665761 composite?
False
Is 8025421 prime?
True
Is 3266167 a composite number?
False
Is 41029951 a composite number?
True
Is 98772529 prime?
False
Is 11602621 prime?
True
Is 8299055 a prime number?
False
Is 68296631 composite?
True
Is 6804017 prime?
False
Is 3450947 a prime number?
True
Is 31215089 prime?
False
Is 702246947 prime?
False
Is 57137923 composite?
False
Is 60190447 prime?
True
Is 89188861 prime?
False
Is 68679959 a prime number?
True
Is 18447557 prime?
False
Is 18351043 composite?
False
Is 201793 a composite number?
True
Is 6965681 a prime number?
True
Is 352091 prime?
False
Is 52535563 composite?
False
Is 33803747 a composite number?
True
Is 61082029 a composite number?
False
Is 21689867 prime?
True
Is 3006335 composite?
True
Is 10622551 composite?
False
Is 18420047 prime?
True
Is 8199553 a prime number?
True
Is 1377235 composite?
True
Is 2675243 a composite number?
True
Is 2670971 prime?
False
Is 452922851 a prime number?
True
Is 1578347 composite?
False
Is 52277821 a prime number?
True
Is 49381957 a prime number?
False
Is 1667561 prime?
False
Is 18027169 prime?
True
Is 35065633 a prime number?
True
Is 325573 a composite number?
True
Is 170942689 prime?
False
Is 2438333 a composite number?
True
Is 173426907 prime?
False
Is 1111821985 composite?
True
Is 88884979 a prime number?
True
Is 18100567 a prime number?
False
Is 20047601 prime?
False
Is 4476497 a composite number?
False
Is 438698047 a composite number?
True
Is 227287 a composite number?
True
Is 14062373 a composite number?
True
Is 257821 prime?
False
Is 68939953 prime?
False
Is 10190603 a composite number?
False
Is 232671 a prime number?
False
Is 764766151 a composite number?
False
Is 5514653 prime?
True
Is 57789535 a composite number?
True
Is 13687514 a prime number?
False
Is 123480899 a composite number?
False
Is 38078371 a composite number?
False
Is 5462369 composite?
True
Is 287389711 a prime number?
